[INFO] fetching crate findup 0.1.0...
[INFO] checking findup-0.1.0 against master#cfbc6d4cf1acbac5c025acf8ed68929caa551df3 for pr-75494-beta
[INFO] extracting crate findup 0.1.0 into /workspace/builds/worker-4/source
[INFO] validating manifest of crates.io crate findup 0.1.0 on toolchain cfbc6d4cf1acbac5c025acf8ed68929caa551df3
[INFO] running `Command { std: "/workspace/cargo-home/bin/cargo" "+cfbc6d4cf1acbac5c025acf8ed68929caa551df3" "read-manifest" "--manifest-path" "Cargo.toml", kill_on_drop: false }`
[INFO] started tweaking crates.io crate findup 0.1.0
[INFO] finished tweaking crates.io crate findup 0.1.0
[INFO] tweaked toml for crates.io crate findup 0.1.0 written to /workspace/builds/worker-4/source/Cargo.toml
[INFO] running `Command { std: "/workspace/cargo-home/bin/cargo" "+cfbc6d4cf1acbac5c025acf8ed68929caa551df3" "generate-lockfile" "--manifest-path" "Cargo.toml" "-Zno-index-update", kill_on_drop: false }`
[INFO] running `Command { std: "/workspace/cargo-home/bin/cargo" "+cfbc6d4cf1acbac5c025acf8ed68929caa551df3" "fetch" "--locked" "--manifest-path" "Cargo.toml", kill_on_drop: false }`
[INFO] running `Command { std: "docker" "create" "-v" "/var/lib/crater-agent-workspace/builds/worker-4/target:/opt/rustwide/target:rw,Z" "-v" "/var/lib/crater-agent-workspace/builds/worker-4/source:/opt/rustwide/workdir:ro,Z" "-v" "/var/lib/crater-agent-workspace/cargo-home:/opt/rustwide/cargo-home:ro,Z" "-v" "/var/lib/crater-agent-workspace/rustup-home:/opt/rustwide/rustup-home:ro,Z" "-e" "SOURCE_DIR=/opt/rustwide/workdir" "-e" "CARGO_TARGET_DIR=/opt/rustwide/target" "-e" "CARGO_HOME=/opt/rustwide/cargo-home" "-e" "RUSTUP_HOME=/opt/rustwide/rustup-home" "-w" "/opt/rustwide/workdir" "-m" "1610612736" "--user" "0:0" "--network" "none" "rustops/crates-build-env@sha256:a636fd89d022f18117e1dc8fb37a0a009933cdbbe082814857f0e2024962d47c" "/opt/rustwide/cargo-home/bin/cargo" "+cfbc6d4cf1acbac5c025acf8ed68929caa551df3" "metadata" "--no-deps" "--format-version=1", kill_on_drop: false }`
[INFO] [stderr] WARNING: Your kernel does not support swap limit capabilities or the cgroup is not mounted. Memory limited without swap.
[INFO] [stdout] 48e8d2d5f73829b0978476d979bcc487fe5da633754cf7f5da133cfa266c2162
[INFO] running `Command { std: "docker" "start" "-a" "48e8d2d5f73829b0978476d979bcc487fe5da633754cf7f5da133cfa266c2162", kill_on_drop: false }`
[INFO] running `Command { std: "docker" "inspect" "48e8d2d5f73829b0978476d979bcc487fe5da633754cf7f5da133cfa266c2162", kill_on_drop: false }`
[INFO] running `Command { std: "docker" "rm" "-f" "48e8d2d5f73829b0978476d979bcc487fe5da633754cf7f5da133cfa266c2162", kill_on_drop: false }`
[INFO] [stdout] 48e8d2d5f73829b0978476d979bcc487fe5da633754cf7f5da133cfa266c2162
[INFO] running `Command { std: "docker" "create" "-v" "/var/lib/crater-agent-workspace/builds/worker-4/target:/opt/rustwide/target:rw,Z" "-v" "/var/lib/crater-agent-workspace/builds/worker-4/source:/opt/rustwide/workdir:ro,Z" "-v" "/var/lib/crater-agent-workspace/cargo-home:/opt/rustwide/cargo-home:ro,Z" "-v" "/var/lib/crater-agent-workspace/rustup-home:/opt/rustwide/rustup-home:ro,Z" "-e" "SOURCE_DIR=/opt/rustwide/workdir" "-e" "CARGO_TARGET_DIR=/opt/rustwide/target" "-e" "CARGO_INCREMENTAL=0" "-e" "RUST_BACKTRACE=full" "-e" "RUSTFLAGS=--cap-lints=forbid" "-e" "CARGO_HOME=/opt/rustwide/cargo-home" "-e" "RUSTUP_HOME=/opt/rustwide/rustup-home" "-w" "/opt/rustwide/workdir" "-m" "1610612736" "--user" "0:0" "--network" "none" "rustops/crates-build-env@sha256:a636fd89d022f18117e1dc8fb37a0a009933cdbbe082814857f0e2024962d47c" "/opt/rustwide/cargo-home/bin/cargo" "+cfbc6d4cf1acbac5c025acf8ed68929caa551df3" "check" "--frozen" "--all" "--all-targets" "--message-format=json", kill_on_drop: false }`
[INFO] [stdout] 437f0b12bcdd4aab830653254b8c65dfc34ddaea6ffa41504a3591ac7fab0d09
[INFO] [stderr] WARNING: Your kernel does not support swap limit capabilities or the cgroup is not mounted. Memory limited without swap.
[INFO] running `Command { std: "docker" "start" "-a" "437f0b12bcdd4aab830653254b8c65dfc34ddaea6ffa41504a3591ac7fab0d09", kill_on_drop: false }`
[INFO] [stderr]     Checking findup v0.1.0 (/opt/rustwide/workdir)
[INFO] [stdout] warning: unknown lint: `unstable`
[INFO] [stdout]  --> src/lib.rs:3:10
[INFO] [stdout]   |
[INFO] [stdout] 3 | #![allow(unstable)]
[INFO] [stdout]   |          ^^^^^^^^
[INFO] [stdout]   |
[INFO] [stdout]   = note: `#[warn(unknown_lints)]` on by default
[INFO] [stdout] 
[INFO] [stdout] 
[INFO] [stdout] warning: unknown lint: `unstable`
[INFO] [stdout]  --> src/lib.rs:3:10
[INFO] [stdout]   |
[INFO] [stdout] 3 | #![allow(unstable)]
[INFO] [stdout]   |          ^^^^^^^^
[INFO] [stdout]   |
[INFO] [stdout]   = note: `#[warn(unknown_lints)]` on by default
[INFO] [stdout] 
[INFO] [stdout] 
[INFO] [stdout] error[E0432]: unresolved import `std::io::fs`
[INFO] [stdout]   --> src/lib.rs:11:14
[INFO] [stdout]    |
[INFO] [stdout] 11 | use std::io::fs::PathExtensions;
[INFO] [stdout]    |              ^^ could not find `fs` in `io`
[INFO] [stdout] 
[INFO] [stdout] 
[INFO] [stdout] error: cannot find attribute `warm` in this scope
[INFO] [stdout]  --> src/lib.rs:4:3
[INFO] [stdout]   |
[INFO] [stdout] 4 | #[warm(unstable)]
[INFO] [stdout]   |   ^^^^ help: a built-in attribute with a similar name exists: `warn`
[INFO] [stdout] 
[INFO] [stdout] 
[INFO] [stdout] error[E0432]: unresolved import `std::io::fs`
[INFO] [stdout]   --> src/lib.rs:11:14
[INFO] [stdout]    |
[INFO] [stdout] 11 | use std::io::fs::PathExtensions;
[INFO] [stdout]    |              ^^ could not find `fs` in `io`
[INFO] [stdout] 
[INFO] [stdout] 
[INFO] [stdout] error: cannot find attribute `warm` in this scope
[INFO] [stdout]  --> src/lib.rs:4:3
[INFO] [stdout]   |
[INFO] [stdout] 4 | #[warm(unstable)]
[INFO] [stdout]   |   ^^^^ help: a built-in attribute with a similar name exists: `warn`
[INFO] [stdout] 
[INFO] [stdout] 
[INFO] [stdout] error[E0412]: cannot find type `Path` in this scope
[INFO] [stdout]   --> src/lib.rs:13:28
[INFO] [stdout]    |
[INFO] [stdout] 13 | fn abs_path(path: &str) -> Path {
[INFO] [stdout]    |                            ^^^^ not found in this scope
[INFO] [stdout]    |
[INFO] [stdout] help: consider importing this struct
[INFO] [stdout]    |
[INFO] [stdout] 8  | use path::Path;
[INFO] [stdout]    |
[INFO] [stdout] 
[INFO] [stdout] 
[INFO] [stdout] error[E0425]: cannot find function `getcwd` in module `os`
[INFO] [stdout]   --> src/lib.rs:14:7
[INFO] [stdout]    |
[INFO] [stdout] 14 |   os::getcwd().unwrap().join(&Path::new(path))
[INFO] [stdout]    |       ^^^^^^ not found in `os`
[INFO] [stdout]    |
[INFO] [stdout] help: consider importing this function
[INFO] [stdout]    |
[INFO] [stdout] 8  | use os::unix::process::sys::os::getcwd;
[INFO] [stdout]    |
[INFO] [stdout] 
[INFO] [stdout] 
[INFO] [stdout] error[E0433]: failed to resolve: use of undeclared type or module `Path`
[INFO] [stdout]   --> src/lib.rs:14:31
[INFO] [stdout]    |
[INFO] [stdout] 14 |   os::getcwd().unwrap().join(&Path::new(path))
[INFO] [stdout]    |                               ^^^^ not found in this scope
[INFO] [stdout]    |
[INFO] [stdout] help: consider importing this struct
[INFO] [stdout]    |
[INFO] [stdout] 8  | use path::Path;
[INFO] [stdout]    |
[INFO] [stdout] 
[INFO] [stdout] 
[INFO] [stdout] error[E0412]: cannot find type `Path` in this scope
[INFO] [stdout]   --> src/lib.rs:17:20
[INFO] [stdout]    |
[INFO] [stdout] 17 | fn full_path(base: Path, path: &str) -> Path {
[INFO] [stdout]    |                    ^^^^ not found in this scope
[INFO] [stdout]    |
[INFO] [stdout] help: consider importing this struct
[INFO] [stdout]    |
[INFO] [stdout] 8  | use path::Path;
[INFO] [stdout]    |
[INFO] [stdout] 
[INFO] [stdout] 
[INFO] [stdout] error[E0412]: cannot find type `Path` in this scope
[INFO] [stdout]   --> src/lib.rs:17:41
[INFO] [stdout]    |
[INFO] [stdout] 17 | fn full_path(base: Path, path: &str) -> Path {
[INFO] [stdout]    |                                         ^^^^ not found in this scope
[INFO] [stdout]    |
[INFO] [stdout] help: consider importing this struct
[INFO] [stdout]    |
[INFO] [stdout] 8  | use path::Path;
[INFO] [stdout]    |
[INFO] [stdout] 
[INFO] [stdout] 
[INFO] [stdout] error[E0433]: failed to resolve: use of undeclared type or module `Path`
[INFO] [stdout]   --> src/lib.rs:18:14
[INFO] [stdout]    |
[INFO] [stdout] 18 |   base.join(&Path::new(path))
[INFO] [stdout]    |              ^^^^ not found in this scope
[INFO] [stdout]    |
[INFO] [stdout] help: consider importing this struct
[INFO] [stdout]    |
[INFO] [stdout] 8  | use path::Path;
[INFO] [stdout]    |
[INFO] [stdout] 
[INFO] [stdout] 
[INFO] [stdout] error[E0412]: cannot find type `Path` in this scope
[INFO] [stdout]   --> src/lib.rs:21:32
[INFO] [stdout]    |
[INFO] [stdout] 21 | fn base_path(partial: &str) -> Path {
[INFO] [stdout]    |                                ^^^^ not found in this scope
[INFO] [stdout]    |
[INFO] [stdout] help: consider importing this struct
[INFO] [stdout]    |
[INFO] [stdout] 8  | use path::Path;
[INFO] [stdout]    |
[INFO] [stdout] 
[INFO] [stdout] 
[INFO] [stdout] error[E0425]: cannot find function `getcwd` in module `os`
[INFO] [stdout]   --> src/lib.rs:22:17
[INFO] [stdout]    |
[INFO] [stdout] 22 |   let cwd = os::getcwd().unwrap();
[INFO] [stdout]    |                 ^^^^^^ not found in `os`
[INFO] [stdout]    |
[INFO] [stdout] help: consider importing this function
[INFO] [stdout]    |
[INFO] [stdout] 8  | use os::unix::process::sys::os::getcwd;
[INFO] [stdout]    |
[INFO] [stdout] 
[INFO] [stdout] 
[INFO] [stdout] error[E0433]: failed to resolve: use of undeclared type or module `Path`
[INFO] [stdout]   --> src/lib.rs:25:20
[INFO] [stdout]    |
[INFO] [stdout] 25 |     _ => cwd.join(&Path::new(partial))
[INFO] [stdout]    |                    ^^^^ not found in this scope
[INFO] [stdout]    |
[INFO] [stdout] help: consider importing this struct
[INFO] [stdout]    |
[INFO] [stdout] 8  | use path::Path;
[INFO] [stdout]    |
[INFO] [stdout] 
[INFO] [stdout] 
[INFO] [stdout] error[E0412]: cannot find type `Path` in this scope
[INFO] [stdout]   --> src/lib.rs:29:41
[INFO] [stdout]    |
[INFO] [stdout] 29 | fn lookup(base: &str, pattern: &str) -> Path {
[INFO] [stdout]    |                                         ^^^^ not found in this scope
[INFO] [stdout]    |
[INFO] [stdout] help: consider importing this struct
[INFO] [stdout]    |
[INFO] [stdout] 8  | use path::Path;
[INFO] [stdout]    |
[INFO] [stdout] 
[INFO] [stdout] 
[INFO] [stdout] error[E0433]: failed to resolve: use of undeclared type or module `Path`
[INFO] [stdout]   --> src/lib.rs:34:12
[INFO] [stdout]    |
[INFO] [stdout] 34 |     return Path::new("");
[INFO] [stdout]    |            ^^^^ not found in this scope
[INFO] [stdout]    |
[INFO] [stdout] help: consider importing this struct
[INFO] [stdout]    |
[INFO] [stdout] 8  | use path::Path;
[INFO] [stdout]    |
[INFO] [stdout] 
[INFO] [stdout] 
[INFO] [stdout] error[E0412]: cannot find type `Path` in this scope
[INFO] [stdout]   --> src/lib.rs:37:16
[INFO] [stdout]    |
[INFO] [stdout] 37 |   let buf: Vec<Path> = glob(pattern).collect();
[INFO] [stdout]    |                ^^^^ not found in this scope
[INFO] [stdout]    |
[INFO] [stdout] help: consider importing this struct
[INFO] [stdout]    |
[INFO] [stdout] 8  | use path::Path;
[INFO] [stdout]    |
[INFO] [stdout] 
[INFO] [stdout] 
[INFO] [stdout] error[E0412]: cannot find type `Path` in this scope
[INFO] [stdout]   --> src/lib.rs:46:33
[INFO] [stdout]    |
[INFO] [stdout] 46 | pub fn findup(pattern: &str) -> Path {
[INFO] [stdout]    |                                 ^^^^ not found in this scope
[INFO] [stdout]    |
[INFO] [stdout] help: consider importing this struct
[INFO] [stdout]    |
[INFO] [stdout] 8  | use path::Path;
[INFO] [stdout]    |
[INFO] [stdout] 
[INFO] [stdout] 
[INFO] [stdout] warning: unused import: `std::path`
[INFO] [stdout]  --> src/lib.rs:9:5
[INFO] [stdout]   |
[INFO] [stdout] 9 | use std::path;
[INFO] [stdout]   |     ^^^^^^^^^
[INFO] [stdout]   |
[INFO] [stdout]   = note: `#[warn(unused_imports)]` on by default
[INFO] [stdout] 
[INFO] [stdout] 
[INFO] [stdout] error[E0412]: cannot find type `Path` in this scope
[INFO] [stdout]   --> src/lib.rs:13:28
[INFO] [stdout]    |
[INFO] [stdout] 13 | fn abs_path(path: &str) -> Path {
[INFO] [stdout]    |                            ^^^^ not found in this scope
[INFO] [stdout]    |
[INFO] [stdout] help: consider importing this struct
[INFO] [stdout]    |
[INFO] [stdout] 8  | use path::Path;
[INFO] [stdout]    |
[INFO] [stdout] 
[INFO] [stdout] 
[INFO] [stdout] error[E0425]: cannot find function `getcwd` in module `os`
[INFO] [stdout]   --> src/lib.rs:14:7
[INFO] [stdout]    |
[INFO] [stdout] 14 |   os::getcwd().unwrap().join(&Path::new(path))
[INFO] [stdout]    |       ^^^^^^ not found in `os`
[INFO] [stdout]    |
[INFO] [stdout] help: consider importing this function
[INFO] [stdout]    |
[INFO] [stdout] 8  | use os::unix::process::sys::os::getcwd;
[INFO] [stdout]    |
[INFO] [stdout] 
[INFO] [stdout] 
[INFO] [stdout] error[E0433]: failed to resolve: use of undeclared type or module `Path`
[INFO] [stdout]   --> src/lib.rs:14:31
[INFO] [stdout]    |
[INFO] [stdout] 14 |   os::getcwd().unwrap().join(&Path::new(path))
[INFO] [stdout]    |                               ^^^^ not found in this scope
[INFO] [stdout]    |
[INFO] [stdout] help: consider importing this struct
[INFO] [stdout]    |
[INFO] [stdout] 8  | use path::Path;
[INFO] [stdout]    |
[INFO] [stdout] 
[INFO] [stdout] 
[INFO] [stdout] error[E0412]: cannot find type `Path` in this scope
[INFO] [stdout]   --> src/lib.rs:17:20
[INFO] [stdout]    |
[INFO] [stdout] 17 | fn full_path(base: Path, path: &str) -> Path {
[INFO] [stdout]    |                    ^^^^ not found in this scope
[INFO] [stdout]    |
[INFO] [stdout] help: consider importing this struct
[INFO] [stdout]    |
[INFO] [stdout] 8  | use path::Path;
[INFO] [stdout]    |
[INFO] [stdout] 
[INFO] [stdout] 
[INFO] [stdout] error[E0412]: cannot find type `Path` in this scope
[INFO] [stdout]   --> src/lib.rs:17:41
[INFO] [stdout]    |
[INFO] [stdout] 17 | fn full_path(base: Path, path: &str) -> Path {
[INFO] [stdout]    |                                         ^^^^ not found in this scope
[INFO] [stdout]    |
[INFO] [stdout] help: consider importing this struct
[INFO] [stdout]    |
[INFO] [stdout] 8  | use path::Path;
[INFO] [stdout]    |
[INFO] [stdout] 
[INFO] [stdout] 
[INFO] [stdout] error[E0433]: failed to resolve: use of undeclared type or module `Path`
[INFO] [stdout]   --> src/lib.rs:18:14
[INFO] [stdout]    |
[INFO] [stdout] 18 |   base.join(&Path::new(path))
[INFO] [stdout]    |              ^^^^ not found in this scope
[INFO] [stdout]    |
[INFO] [stdout] help: consider importing this struct
[INFO] [stdout]    |
[INFO] [stdout] 8  | use path::Path;
[INFO] [stdout]    |
[INFO] [stdout] 
[INFO] [stdout] 
[INFO] [stdout] error[E0412]: cannot find type `Path` in this scope
[INFO] [stdout]   --> src/lib.rs:21:32
[INFO] [stdout]    |
[INFO] [stdout] 21 | fn base_path(partial: &str) -> Path {
[INFO] [stdout]    |                                ^^^^ not found in this scope
[INFO] [stdout]    |
[INFO] [stdout] help: consider importing this struct
[INFO] [stdout]    |
[INFO] [stdout] 8  | use path::Path;
[INFO] [stdout]    |
[INFO] [stdout] 
[INFO] [stdout] 
[INFO] [stdout] error[E0425]: cannot find function `getcwd` in module `os`
[INFO] [stdout]   --> src/lib.rs:22:17
[INFO] [stdout]    |
[INFO] [stdout] 22 |   let cwd = os::getcwd().unwrap();
[INFO] [stdout]    |                 ^^^^^^ not found in `os`
[INFO] [stdout]    |
[INFO] [stdout] help: consider importing this function
[INFO] [stdout]    |
[INFO] [stdout] 8  | use os::unix::process::sys::os::getcwd;
[INFO] [stdout]    |
[INFO] [stdout] 
[INFO] [stdout] 
[INFO] [stdout] error[E0433]: failed to resolve: use of undeclared type or module `Path`
[INFO] [stdout]   --> src/lib.rs:25:20
[INFO] [stdout]    |
[INFO] [stdout] 25 |     _ => cwd.join(&Path::new(partial))
[INFO] [stdout]    |                    ^^^^ not found in this scope
[INFO] [stdout]    |
[INFO] [stdout] help: consider importing this struct
[INFO] [stdout]    |
[INFO] [stdout] 8  | use path::Path;
[INFO] [stdout]    |
[INFO] [stdout] 
[INFO] [stdout] 
[INFO] [stdout] error[E0412]: cannot find type `Path` in this scope
[INFO] [stdout]   --> src/lib.rs:29:41
[INFO] [stdout]    |
[INFO] [stdout] 29 | fn lookup(base: &str, pattern: &str) -> Path {
[INFO] [stdout]    |                                         ^^^^ not found in this scope
[INFO] [stdout]    |
[INFO] [stdout] help: consider importing this struct
[INFO] [stdout]    |
[INFO] [stdout] 8  | use path::Path;
[INFO] [stdout]    |
[INFO] [stdout] 
[INFO] [stdout] 
[INFO] [stdout] error[E0433]: failed to resolve: use of undeclared type or module `Path`
[INFO] [stdout]   --> src/lib.rs:34:12
[INFO] [stdout]    |
[INFO] [stdout] 34 |     return Path::new("");
[INFO] [stdout]    |            ^^^^ not found in this scope
[INFO] [stdout]    |
[INFO] [stdout] help: consider importing this struct
[INFO] [stdout]    |
[INFO] [stdout] 8  | use path::Path;
[INFO] [stdout]    |
[INFO] [stdout] 
[INFO] [stdout] 
[INFO] [stdout] error[E0412]: cannot find type `Path` in this scope
[INFO] [stdout]   --> src/lib.rs:37:16
[INFO] [stdout]    |
[INFO] [stdout] 37 |   let buf: Vec<Path> = glob(pattern).collect();
[INFO] [stdout]    |                ^^^^ not found in this scope
[INFO] [stdout]    |
[INFO] [stdout] help: consider importing this struct
[INFO] [stdout]    |
[INFO] [stdout] 8  | use path::Path;
[INFO] [stdout]    |
[INFO] [stdout] 
[INFO] [stdout] 
[INFO] [stdout] error[E0412]: cannot find type `Path` in this scope
[INFO] [stdout]   --> src/lib.rs:46:33
[INFO] [stdout]    |
[INFO] [stdout] 46 | pub fn findup(pattern: &str) -> Path {
[INFO] [stdout]    |                                 ^^^^ not found in this scope
[INFO] [stdout]    |
[INFO] [stdout] help: consider importing this struct
[INFO] [stdout]    |
[INFO] [stdout] 8  | use path::Path;
[INFO] [stdout]    |
[INFO] [stdout] 
[INFO] [stdout] 
[INFO] [stdout] warning: unused import: `std::path`
[INFO] [stdout]  --> src/lib.rs:9:5
[INFO] [stdout]   |
[INFO] [stdout] 9 | use std::path;
[INFO] [stdout]   |     ^^^^^^^^^
[INFO] [stdout]   |
[INFO] [stdout]   = note: `#[warn(unused_imports)]` on by default
[INFO] [stdout] 
[INFO] [stdout] 
[INFO] [stdout] error[E0599]: no method named `collect` found for enum `std::result::Result<glob::Paths, glob::PatternError>` in the current scope
[INFO] [stdout]    --> src/lib.rs:37:38
[INFO] [stdout]     |
[INFO] [stdout] 37  |     let buf: Vec<Path> = glob(pattern).collect();
[INFO] [stdout]     |                                        ^^^^^^^ method not found in `std::result::Result<glob::Paths, glob::PatternError>`
[INFO] [stdout]     |
[INFO] [stdout]     = note: the method `collect` exists but the following trait bounds were not satisfied:
[INFO] [stdout]             `std::result::Result<glob::Paths, glob::PatternError>: std::iter::Iterator`
[INFO] [stdout]             which is required by `&mut std::result::Result<glob::Paths, glob::PatternError>: std::iter::Iterator`
[INFO] [stdout] 
[INFO] [stdout] 
[INFO] [stderr] error: could not compile `findup`.
[INFO] [stdout] error: aborting due to 16 previous errors; 2 warnings emitted
[INFO] [stdout] 
[INFO] [stdout] 
[INFO] [stderr] 
[INFO] [stdout] Some errors have detailed explanations: E0412, E0425, E0432, E0433, E0599.
[INFO] [stdout] 
[INFO] [stderr] To learn more, run the command again with --verbose.
[INFO] [stdout] For more information about an error, try `rustc --explain E0412`.
[INFO] [stdout] 
[INFO] [stderr] warning: build failed, waiting for other jobs to finish...
[INFO] [stdout] error[E0599]: no method named `collect` found for enum `std::result::Result<glob::Paths, glob::PatternError>` in the current scope
[INFO] [stdout]    --> src/lib.rs:37:38
[INFO] [stdout]     |
[INFO] [stdout] 37  |     let buf: Vec<Path> = glob(pattern).collect();
[INFO] [stdout]     |                                        ^^^^^^^ method not found in `std::result::Result<glob::Paths, glob::PatternError>`
[INFO] [stdout]     |
[INFO] [stdout]     = note: the method `collect` exists but the following trait bounds were not satisfied:
[INFO] [stdout]             `std::result::Result<glob::Paths, glob::PatternError>: std::iter::Iterator`
[INFO] [stdout]             which is required by `&mut std::result::Result<glob::Paths, glob::PatternError>: std::iter::Iterator`
[INFO] [stdout] 
[INFO] [stdout] 
[INFO] [stdout] error: aborting due to 16 previous errors; 2 warnings emitted
[INFO] [stdout] 
[INFO] [stdout] 
[INFO] [stdout] Some errors have detailed explanations: E0412, E0425, E0432, E0433, E0599.
[INFO] [stdout] 
[INFO] [stdout] For more information about an error, try `rustc --explain E0412`.
[INFO] [stdout] 
[INFO] [stderr] error: build failed
[INFO] running `Command { std: "docker" "inspect" "437f0b12bcdd4aab830653254b8c65dfc34ddaea6ffa41504a3591ac7fab0d09", kill_on_drop: false }`
[INFO] running `Command { std: "docker" "rm" "-f" "437f0b12bcdd4aab830653254b8c65dfc34ddaea6ffa41504a3591ac7fab0d09", kill_on_drop: false }`
[INFO] [stdout] 437f0b12bcdd4aab830653254b8c65dfc34ddaea6ffa41504a3591ac7fab0d09
